{"id":12,"date":"2023-12-06T12:51:56","date_gmt":"2023-12-06T12:51:56","guid":{"rendered":"https:\/\/stcltda.cl\/index\/?page_id=12"},"modified":"2023-12-07T17:41:18","modified_gmt":"2023-12-07T17:41:18","slug":"nosotros","status":"publish","type":"page","link":"https:\/\/stcltda.cl\/index\/nosotros\/","title":{"rendered":"Nosotros"},"content":{"rendered":"<div data-colibri-id=\"12-c1\" class=\"style-222 style-local-12-c1 position-relative\">\n  <!---->\n  <div data-colibri-component=\"section\" data-colibri-id=\"12-c2\" id=\"features\" class=\"h-section h-section-global-spacing d-flex align-items-lg-center align-items-md-center align-items-center style-224 style-local-12-c2 position-relative\">\n    <!---->\n    <!---->\n    <div class=\"h-section-grid-container h-section-boxed-container\">\n      <div data-colibri-id=\"12-c18\" class=\"h-row-container gutters-row-lg-2 gutters-row-md-2 gutters-row-0 gutters-row-v-lg-2 gutters-row-v-md-2 gutters-row-v-2 style-232 style-local-12-c18 position-relative\">\n        <!---->\n        <div class=\"h-row justify-content-lg-center justify-content-md-center justify-content-center align-items-lg-stretch align-items-md-stretch align-items-stretch gutters-col-lg-2 gutters-col-md-2 gutters-col-0 gutters-col-v-lg-2 gutters-col-v-md-2 gutters-col-v-2\">\n          <!---->\n          <div class=\"h-column h-column-container d-flex h-col-lg-auto h-col-md-auto h-col-auto style-233-outer style-local-12-c19-outer\">\n            <div data-colibri-id=\"12-c19\" class=\"d-flex h-flex-basis h-column__inner h-px-lg-2 h-px-md-2 h-px-2 v-inner-lg-2 v-inner-md-2 v-inner-2 style-233 style-local-12-c19 position-relative\">\n              <!---->\n              <!---->\n              <div class=\"w-100 h-y-container h-column__content h-column__v-align flex-basis-100 align-self-lg-start align-self-md-start align-self-start\">\n                <!---->\n                <div data-colibri-id=\"12-c20\" class=\"h-global-transition-all h-heading style-234 style-local-12-c20 position-relative h-element\">\n                  <!---->\n                  <div class=\"h-heading__outer style-234 style-local-12-c20\">\n                    <!---->\n                    <!---->\n                    <h2 class=\"\">Quienes somos?<\/h2>\n                  <\/div>\n                <\/div>\n                <div data-colibri-id=\"12-c21\" class=\"h-lead h-text h-text-component style-235 style-local-12-c21 position-relative h-element\">\n                  <!---->\n                  <!---->\n                  <div class=\"\">\n                    <p>Desde nuestros&nbsp; comienzos en la d\u00e9cada de los 90, hemos estado en la vanguardia de las telecomunicaciones en la Regi\u00f3n del Biob\u00edo. Con una s\u00f3lida base en servicios de telefon\u00eda y corrientes d\u00e9biles, hemos crecido y evolucionado\n                      con los cambios, para abrazar tecnolog\u00edas emergentes y satisfacer las necesidades variadas de nuestra comunidad.<\/p>\n                  <\/div>\n                <\/div>\n              <\/div>\n            <\/div>\n          <\/div>\n        <\/div>\n      <\/div>\n      <div data-colibri-id=\"12-c3\" class=\"h-row-container gutters-row-lg-2 gutters-row-md-2 gutters-row-2 gutters-row-v-lg-2 gutters-row-v-md-2 gutters-row-v-2 style-225 style-local-12-c3 position-relative\">\n        <!---->\n        <div class=\"h-row justify-content-lg-center justify-content-md-center justify-content-center align-items-lg-stretch align-items-md-stretch align-items-stretch gutters-col-lg-2 gutters-col-md-2 gutters-col-2 gutters-col-v-lg-2 gutters-col-v-md-2 gutters-col-v-2\">\n          <!---->\n          <div class=\"h-column h-column-container d-flex h-col-lg-auto h-col-md-auto h-col-auto style-226-outer style-local-12-c4-outer\">\n            <div data-colibri-id=\"12-c4\" class=\"d-flex h-flex-basis h-column__inner h-px-lg-3 h-px-md-3 h-px-2 v-inner-lg-3 v-inner-md-3 v-inner-2 style-226 style-local-12-c4 position-relative\">\n              <!---->\n              <!---->\n              <div class=\"w-100 h-y-container h-column__content h-column__v-align flex-basis-100 align-self-lg-start align-self-md-start align-self-start\">\n                <!---->\n                <div data-colibri-id=\"12-c5\" class=\"h-global-transition-all h-heading style-228 style-local-12-c5 position-relative h-element\">\n                  <!---->\n                  <div class=\"h-heading__outer style-228 style-local-12-c5\">\n                    <!---->\n                    <!---->\n                    <h4 class=\"\">Nuestra Especialidad<\/h4>\n                  <\/div>\n                <\/div>\n                <div data-colibri-id=\"12-c6\" class=\"h-text h-text-component style-292 style-local-12-c6 position-relative h-element\">\n                  <!---->\n                  <!---->\n                  <div class=\"\">\n                    <p>En <strong>S.T.C. Ltda.<\/strong> nos enorgullece ser expertos en telecomunicaciones. Nuestra especializaci\u00f3n abarca desde la telefon\u00eda tradicional hasta soluciones de vanguardia en redes de datos, sistemas de CCTV y control de acceso.\n                      Estamos comprometidos a brindar servicios de alta calidad que conecten a las personas, empresas y comunidades en toda la Regi\u00f3n del Biob\u00edo.<\/p>\n                  <\/div>\n                <\/div>\n              <\/div>\n            <\/div>\n          <\/div>\n          <div class=\"h-column h-column-container d-flex h-col-lg-auto h-col-md-auto h-col-auto style-226-outer style-local-12-c7-outer\">\n            <div data-colibri-id=\"12-c7\" class=\"d-flex h-flex-basis h-column__inner h-px-lg-3 h-px-md-3 h-px-2 v-inner-lg-3 v-inner-md-3 v-inner-2 style-226 style-local-12-c7 position-relative\">\n              <!---->\n              <!---->\n              <div class=\"w-100 h-y-container h-column__content h-column__v-align flex-basis-100 align-self-lg-start align-self-md-start align-self-start\">\n                <!---->\n                <div data-colibri-id=\"12-c8\" class=\"h-global-transition-all h-heading style-228 style-local-12-c8 position-relative h-element\">\n                  <!---->\n                  <div class=\"h-heading__outer style-228 style-local-12-c8\">\n                    <!---->\n                    <!---->\n                    <h4 class=\"\">NUESTRA MISI\u00d3N<\/h4>\n                  <\/div>\n                <\/div>\n                <div data-colibri-id=\"12-c9\" class=\"h-text h-text-component style-229 style-local-12-c9 position-relative h-element\">\n                  <!---->\n                  <!---->\n                  <div class=\"\">\n                    <p>En <strong>S.T.C. Ltda.<\/strong> nuestra misi\u00f3n es impulsar la conectividad en el Biob\u00edo y \u00d1uble, brindando soluciones de telecomunicaciones de vanguardia que mejoren la vida de las personas y el rendimiento de las empresas. Estamos\n                      comprometidos a proporcionar servicios confiables y asequibles que acerquen a las comunidades y fomenten el crecimiento econ\u00f3mico y social.&nbsp;&nbsp;<\/p>\n                  <\/div>\n                <\/div>\n              <\/div>\n            <\/div>\n          <\/div>\n          <div class=\"h-column h-column-container d-flex h-col-lg-auto h-col-md-auto h-col-auto style-226-outer style-local-12-c10-outer\">\n            <div data-colibri-id=\"12-c10\" class=\"d-flex h-flex-basis h-column__inner h-px-lg-3 h-px-md-3 h-px-2 v-inner-lg-3 v-inner-md-3 v-inner-2 style-226 style-local-12-c10 position-relative\">\n              <!---->\n              <!---->\n              <div class=\"w-100 h-y-container h-column__content h-column__v-align flex-basis-100 align-self-lg-start align-self-md-start align-self-start\">\n                <!---->\n                <div data-colibri-id=\"12-c11\" class=\"h-global-transition-all h-heading style-228 style-local-12-c11 position-relative h-element\">\n                  <!---->\n                  <div class=\"h-heading__outer style-228 style-local-12-c11\">\n                    <!---->\n                    <!---->\n                    <h4 class=\"\">Nuestra Visi\u00f3n<\/h4>\n                  <\/div>\n                <\/div>\n                <div data-colibri-id=\"12-c12\" class=\"h-text h-text-component style-229 style-local-12-c12 position-relative h-element\">\n                  <!---->\n                  <!---->\n                  <div class=\"\">\n                    <p>Nuestra visi\u00f3n es ser opcion valida en soluciones de tecnolog\u00eda de voz, datos, televigilancia y servicios en general para el sur de nuestro Pais. Buscamos constantemente innovar y expandir nuestros servicios para ofrecer soluciones\n                      tecnol\u00f3gicas de vanguardia que superen las expectativas de nuestros clientes y contribuyan al desarrollo sostenible de la regi\u00f3n.<\/p>\n                  <\/div>\n                <\/div>\n              <\/div>\n            <\/div>\n          <\/div>\n          <div class=\"h-column h-column-container d-flex h-col-lg-auto h-col-md-auto h-col-auto style-226-outer style-local-12-c13-outer\">\n            <div data-colibri-id=\"12-c13\" class=\"d-flex h-flex-basis h-column__inner h-px-lg-3 h-px-md-3 h-px-2 v-inner-lg-3 v-inner-md-3 v-inner-2 style-226 style-local-12-c13 position-relative\">\n              <!---->\n              <!---->\n              <div class=\"w-100 h-y-container h-column__content h-column__v-align flex-basis-100 align-self-lg-start align-self-md-start align-self-start\">\n                <!---->\n                <div data-colibri-id=\"12-c14\" class=\"h-global-transition-all h-heading style-228 style-local-12-c14 position-relative h-element\">\n                  <!---->\n                  <div class=\"h-heading__outer style-228 style-local-12-c14\">\n                    <!---->\n                    <!---->\n                    <h4 class=\"\">Nuestros Valores<\/h4>\n                  <\/div>\n                <\/div>\n                <div data-colibri-id=\"12-c15\" class=\"h-text h-text-component style-229 style-local-12-c15 position-relative h-element\">\n                  <!---->\n                  <!---->\n                  <div class=\"\">\n                    <p>\n                      <br>\u25ba&nbsp;<strong>Compromiso<\/strong><\/p>\n                    <p>\u25ba&nbsp;<strong>Integridad<\/strong><\/p>\n                    <p>\u25ba&nbsp;<strong>Innovaci\u00f3n<\/strong><\/p>\n                    <p>\u25ba&nbsp;<strong>Colaboraci\u00f3n<\/strong><\/p>\n                    <p>\u25ba&nbsp;<strong>Responsabilidad&nbsp;Social<\/strong><\/p>\n                    <p>\n                      <br>\n                    <\/p>\n                  <\/div>\n                <\/div>\n              <\/div>\n            <\/div>\n          <\/div>\n          <div class=\"h-column h-column-container d-flex h-col-lg-auto h-col-md-auto h-col-auto style-236-outer style-local-12-c16-outer\">\n            <div data-colibri-id=\"12-c16\" class=\"d-flex h-flex-basis h-column__inner h-px-lg-2 h-px-md-2 h-px-2 v-inner-lg-2 v-inner-md-2 v-inner-2 style-236 style-local-12-c16 position-relative\">\n              <!---->\n              <!---->\n              <div class=\"w-100 h-y-container h-column__content h-column__v-align flex-basis-100 align-self-lg-start align-self-md-start align-self-start\">\n                <!---->\n                <div data-colibri-id=\"12-c17\" class=\"h-text h-text-component style-237 style-local-12-c17 position-relative h-element\">\n                  <!---->\n                  <!---->\n                  <div class=\"\">\n                    <p>En<strong> S.T.C. Ltda.<\/strong> estamos comprometidos a seguir siendo l\u00edderes en el sector de las telecomunicaciones y a continuar conectando a las personas y empresas en el Biob\u00edo y \u00d1uble. \u00a1Conf\u00eda en nosotros para construir un futuro\n                      m\u00e1s conectado!<\/p>\n                  <\/div>\n                <\/div>\n              <\/div>\n            <\/div>\n          <\/div>\n        <\/div>\n      <\/div>\n    <\/div>\n  <\/div>\n<\/div>","protected":false},"excerpt":{"rendered":"<p>Quienes somos? Desde nuestros&nbsp; comienzos en la d\u00e9cada de los 90, hemos estado en la vanguardia de las telecomunicaciones en la Regi\u00f3n del Biob\u00edo. Con una s\u00f3lida base en servicios de telefon\u00eda y corrientes d\u00e9biles, hemos crecido y evolucionado con los cambios, para abrazar tecnolog\u00edas emergentes y satisfacer las necesidades variadas de nuestra comunidad. Nuestra [&hellip;]<\/p>\n","protected":false},"author":1,"featured_media":0,"parent":0,"menu_order":0,"comment_status":"closed","ping_status":"closed","template":"page-templates\/full-width-page.php","meta":{"footnotes":""},"class_list":["post-12","page","type-page","status-publish","hentry"],"_links":{"self":[{"href":"https:\/\/stcltda.cl\/index\/wp-json\/wp\/v2\/pages\/12","targetHints":{"allow":["GET"]}}],"collection":[{"href":"https:\/\/stcltda.cl\/index\/wp-json\/wp\/v2\/pages"}],"about":[{"href":"https:\/\/stcltda.cl\/index\/wp-json\/wp\/v2\/types\/page"}],"author":[{"embeddable":true,"href":"https:\/\/stcltda.cl\/index\/wp-json\/wp\/v2\/users\/1"}],"replies":[{"embeddable":true,"href":"https:\/\/stcltda.cl\/index\/wp-json\/wp\/v2\/comments?post=12"}],"version-history":[{"count":9,"href":"https:\/\/stcltda.cl\/index\/wp-json\/wp\/v2\/pages\/12\/revisions"}],"predecessor-version":[{"id":533,"href":"https:\/\/stcltda.cl\/index\/wp-json\/wp\/v2\/pages\/12\/revisions\/533"}],"wp:attachment":[{"href":"https:\/\/stcltda.cl\/index\/wp-json\/wp\/v2\/media?parent=12"}],"curies":[{"name":"wp","href":"https:\/\/api.w.org\/{rel}","templated":true}]}}